{"id":398,"date":"2018-11-22T16:23:36","date_gmt":"2018-11-22T14:23:36","guid":{"rendered":"http:\/\/avaluacio-ctic-test.recursos.uoc.edu\/?page_id=398"},"modified":"2019-01-02T11:55:10","modified_gmt":"2019-01-02T09:55:10","slug":"1-5-recursos","status":"publish","type":"page","link":"http:\/\/avaluacio-ctic-test.recursos.uoc.edu\/index.php\/1-5-recursos\/","title":{"rendered":"1.5. Recursos"},"content":{"rendered":"<p>L\u2019assignatura de CTIC posa a l\u2019abast dels estudiants una s\u00e8rie de <strong>recursos d\u2019aprenentatge<\/strong> que es treballen al llarg de les diferents PAC i en la Pr\u00e0ctica Final.<\/p>\n<p>Els recursos poden variar segons el grau en el qual s\u2019imparteix l\u2019assignatura, per\u00f2 hi ha una s\u00e8rie de recursos b\u00e0sics que s\u2019ofereixen en tots. A la figura 5 podeu trobar un exemple dels utilitzats al grau d\u2019ADE i al grau d\u2019Economia de la UOC.<\/p>\n<figure id=\"attachment_28\" aria-describedby=\"caption-attachment-28\" style=\"width: 1013px\" class=\"wp-caption alignnone\"><a href=\"\/wp-content\/uploads\/2018\/11\/5-1.3_01_recursos.png\"><img loading=\"lazy\" class=\"wp-image-28 size-full\" src=\"\/wp-content\/uploads\/2018\/11\/5-1.3_01_recursos.png\" alt=\"\" width=\"1013\" height=\"873\" srcset=\"\/wp-content\/uploads\/2018\/11\/5-1.3_01_recursos.png 1013w, \/wp-content\/uploads\/2018\/11\/5-1.3_01_recursos-300x259.png 300w, \/wp-content\/uploads\/2018\/11\/5-1.3_01_recursos-768x662.png 768w\" sizes=\"(max-width: 1013px) 100vw, 1013px\" \/><\/a><figcaption id=\"caption-attachment-28\" class=\"wp-caption-text\">Figura 5. Exemple de recursos i de materials d\u2019aprenentatge utilitzats en CTIC<\/figcaption><\/figure>\n<p>A m\u00e9s, si calgu\u00e9s, el docent anir\u00e0 proporcionant nous recursos complementaris pel tauler de l\u2019aula. Tots aquests recursos i materials tenen com a objectiu facilitar l\u2019assoliment dels objectius competencials plantejats.<\/p>\n","protected":false},"excerpt":{"rendered":"<p>L\u2019assignatura de CTIC posa a l\u2019abast dels estudiants una s\u00e8rie de recursos d\u2019aprenentatge que es treballen al llarg de les diferents PAC i en la Pr\u00e0ctica Final. Els recursos poden variar segons el grau en el qual s\u2019imparteix l\u2019assignatura, per\u00f2 hi ha una s\u00e8rie de recursos b\u00e0sics que s\u2019ofereixen en tots. A la figura 5 [&hellip;]<\/p>\n","protected":false},"author":1,"featured_media":0,"parent":0,"menu_order":0,"comment_status":"closed","ping_status":"closed","template":"","meta":[],"_links":{"self":[{"href":"http:\/\/avaluacio-ctic-test.recursos.uoc.edu\/index.php\/wp-json\/wp\/v2\/pages\/398"}],"collection":[{"href":"http:\/\/avaluacio-ctic-test.recursos.uoc.edu\/index.php\/wp-json\/wp\/v2\/pages"}],"about":[{"href":"http:\/\/avaluacio-ctic-test.recursos.uoc.edu\/index.php\/wp-json\/wp\/v2\/types\/page"}],"author":[{"embeddable":true,"href":"http:\/\/avaluacio-ctic-test.recursos.uoc.edu\/index.php\/wp-json\/wp\/v2\/users\/1"}],"replies":[{"embeddable":true,"href":"http:\/\/avaluacio-ctic-test.recursos.uoc.edu\/index.php\/wp-json\/wp\/v2\/comments?post=398"}],"version-history":[{"count":3,"href":"http:\/\/avaluacio-ctic-test.recursos.uoc.edu\/index.php\/wp-json\/wp\/v2\/pages\/398\/revisions"}],"predecessor-version":[{"id":513,"href":"http:\/\/avaluacio-ctic-test.recursos.uoc.edu\/index.php\/wp-json\/wp\/v2\/pages\/398\/revisions\/513"}],"wp:attachment":[{"href":"http:\/\/avaluacio-ctic-test.recursos.uoc.edu\/index.php\/wp-json\/wp\/v2\/media?parent=398"}],"curies":[{"name":"wp","href":"https:\/\/api.w.org\/{rel}","templated":true}]}}